{"id":14,"date":"2024-02-21T10:32:39","date_gmt":"2024-02-21T10:32:39","guid":{"rendered":"https:\/\/websmedjan.se\/?page_id=14"},"modified":"2025-07-23T13:48:10","modified_gmt":"2025-07-23T13:48:10","slug":"priser-2024","status":"publish","type":"page","link":"https:\/\/websmedjan.se\/?page_id=14","title":{"rendered":"Priser 2025"},"content":{"rendered":"\n<p>Beh\u00f6ver du hj\u00e4lp med datorn eller kringutrustning?<br>Jag kan hj\u00e4lpa dig med en bred tekniksupport f\u00f6r hemelektronik som Datorer och kringutrusning, filhantering (\u00f6verf\u00f6ring av filer, backuppl\u00f6sningar)<br>Priserna nedan inkluderar RUT-avdrag med 50%.<\/p>\n\n\n\n<ul class=\"wp-block-list\">\n<li>Datorhj\u00e4lp, 499 kr\/p\u00e5b\u00f6rjad timme<\/li>\n\n\n\n<li>Kringutrustning, 499kr\/p\u00e5b\u00f6rjad timme (Skrivare, scanner)<\/li>\n\n\n\n<li>Filer, operativsystem, optimering, fr\u00e5n 600 kr.<\/li>\n\n\n\n<li>Ny-\/ominstallation av dator, fr\u00e5n 700 kronor<\/li>\n<\/ul>\n\n\n\n<p>Ut\u00f6ver detta tillkommer transportavgifter enligt regelverket f\u00f6r RUT-avdraget med 2,50 kr\/km fr\u00e5n kontoret i Gr\u00e4nna.<\/p>\n\n\n\n<p><strong>Webb<\/strong><sup data-fn=\"a7934ad2-7bf3-4eaf-8803-bcd39f52da81\" class=\"fn\"><a href=\"#a7934ad2-7bf3-4eaf-8803-bcd39f52da81\" id=\"a7934ad2-7bf3-4eaf-8803-bcd39f52da81-link\">1<\/a><\/sup><\/p>\n\n\n\n<p><\/p>\n\n\n\n<ul class=\"wp-block-list\">\n<li>Nystart enkel hemsida, 1200 kr\/st exkl. moms,(\u00d6verenskommelse vad som g\u00e4ller innan)<\/li>\n\n\n\n<li>Fels\u00f6kning\/support utan avtal, 699 kr\/timme exkl. moms<\/li>\n\n\n\n<li>\u00c5rsavtal enkel hemsida, 1200kr\/\u00e5r exkl. moms. Max 20 timmar.<\/li>\n\n\n\n<li>Nystart \u00f6vrig hemsida 700 kr\/timme exkl. moms eller enligt avtal.<\/li>\n<\/ul>\n\n\n\n<p><strong>F\u00f6retagskostnader<\/strong><sup data-fn=\"9ee3aac7-34a9-48b1-86d9-179f3398541d\" class=\"fn\"><a href=\"#9ee3aac7-34a9-48b1-86d9-179f3398541d\" id=\"9ee3aac7-34a9-48b1-86d9-179f3398541d-link\">2<\/a><\/sup><\/p>\n\n\n\n<ul class=\"wp-block-list\">\n<li>IT-Support inkl, n\u00e4tverk , 998 kr\/timme.<\/li>\n\n\n\n<li>Kringutrustning, 998 kr\/p\u00e5b\u00f6rjad timme (Skrivare, scanner)<\/li>\n\n\n\n<li>Filer, operativsystem, optimering, fr\u00e5n 1100 kr.<\/li>\n\n\n\n<li>Ny-\/ominstallation av dator, fr\u00e5n 1400 kronor<\/li>\n<\/ul>\n\n\n\n<p>F\u00f6retagskunder med avtal erbjuds rabatterade priser.<\/p>\n\n\n<ol class=\"wp-block-footnotes\"><li id=\"a7934ad2-7bf3-4eaf-8803-bcd39f52da81\">G\u00e5r inte f\u00e5r med rutavdrag <a href=\"#a7934ad2-7bf3-4eaf-8803-bcd39f52da81-link\" aria-label=\"Hoppa till fotnotsreferens 1\">\u21a9\ufe0e<\/a><\/li><li id=\"9ee3aac7-34a9-48b1-86d9-179f3398541d\">G\u00e5r inte f\u00e5 med rutavdrag. Alla summor exkl. moms. <a href=\"#9ee3aac7-34a9-48b1-86d9-179f3398541d-link\" aria-label=\"Hoppa till fotnotsreferens 2\">\u21a9\ufe0e<\/a><\/li><\/ol>","protected":false},"excerpt":{"rendered":"<p>Beh\u00f6ver du hj\u00e4lp med datorn eller kringutrustning?Jag kan hj\u00e4lpa dig med en bred tekniksupport f\u00f6r hemelektronik som Datorer och kringutrusning, filhantering (\u00f6verf\u00f6ring av filer, backuppl\u00f6sningar)Priserna nedan inkluderar RUT-avdrag med 50%. Ut\u00f6ver detta tillkommer transportavgifter enligt regelverket f\u00f6r RUT-avdraget med 2,50 kr\/km fr\u00e5n kontoret i Gr\u00e4nna. Webb F\u00f6retagskostnader F\u00f6retagskunder med avtal erbjuds rabatterade priser.<\/p>\n","protected":false},"author":1,"featured_media":0,"parent":0,"menu_order":0,"comment_status":"closed","ping_status":"closed","template":"","meta":{"footnotes":"[{\"content\":\"G\u00e5r inte f\u00e5r med rutavdrag\",\"id\":\"a7934ad2-7bf3-4eaf-8803-bcd39f52da81\"},{\"content\":\"G\u00e5r inte f\u00e5 med rutavdrag. Alla summor exkl. moms.\",\"id\":\"9ee3aac7-34a9-48b1-86d9-179f3398541d\"}]"},"class_list":["post-14","page","type-page","status-publish","hentry"],"_links":{"self":[{"href":"https:\/\/websmedjan.se\/index.php?rest_route=\/wp\/v2\/pages\/14","targetHints":{"allow":["GET"]}}],"collection":[{"href":"https:\/\/websmedjan.se\/index.php?rest_route=\/wp\/v2\/pages"}],"about":[{"href":"https:\/\/websmedjan.se\/index.php?rest_route=\/wp\/v2\/types\/page"}],"author":[{"embeddable":true,"href":"https:\/\/websmedjan.se\/index.php?rest_route=\/wp\/v2\/users\/1"}],"replies":[{"embeddable":true,"href":"https:\/\/websmedjan.se\/index.php?rest_route=%2Fwp%2Fv2%2Fcomments&post=14"}],"version-history":[{"count":6,"href":"https:\/\/websmedjan.se\/index.php?rest_route=\/wp\/v2\/pages\/14\/revisions"}],"predecessor-version":[{"id":33,"href":"https:\/\/websmedjan.se\/index.php?rest_route=\/wp\/v2\/pages\/14\/revisions\/33"}],"wp:attachment":[{"href":"https:\/\/websmedjan.se\/index.php?rest_route=%2Fwp%2Fv2%2Fmedia&parent=14"}],"curies":[{"name":"wp","href":"https:\/\/api.w.org\/{rel}","templated":true}]}}